mber?
False
Suppose x = -0*x + 3*a, -3*x + a + 16 = 0. Let v(d) = 20*d + 1. Is v(x) a prime number?
False
Let w(c) = -2*c**3 - 21*c**2 - 12*c - 17. Is w(-14) a prime number?
True
Let t(k) = 24*k - 4. Let y be t(2). Is ((-69)/4)/((-11)/y) a prime number?
False
Let r(z) be the second derivative of z**4/3 + z**3/2 + z**2/2 - 4*z. Is r(-2) composite?
False
Let n(y) = 35*y**2 - 25*y + 11. Is n(10) a composite number?
True
Let f(d) = -4*d**2 + d**3 - 6*d - 7*d - 3 + 7*d + 6. Is f(8) a composite number?
False
Let r = -3 + 5. Let l be -21 + (-6)/4*r. Let v = -3 - l. Is v a composite number?
True
Suppose 8*j - l = 3*j + 1047, -5*j + 1056 = 2*l. Suppose 0*v + q - 340 = -3*v, 2*v + 4*q - j = 0. Is v a prime number?
False
Let y(t) = -1 - 3 - 32*t + 2 + 5. Is y(-4) a composite number?
False
Let y = 0 + 4. Suppose 43 = -y*d + 191. Is d a composite number?
False
Let s be (-5)/(20/(-8)) - -150. Let t(o) = -7*o**2 + 2*o + 1. Let c be t(4). Let p = s + c. Is p composite?
True
Let w(o) = 16*o - 7. Suppose 0*j - 4*j + 24 = 0. Is w(j) a prime number?
True
Let z(g) = g**2 - 3*g - 4. Let f be z(5). Let r = -4 + f. Suppose -3*w = 4*m - 399, 0*m - r*m = 5*w - 665. Is w a composite number?
True
Suppose 2454 = 6*h - 8388. Is h a prime number?
False
Let t = 317 - -236. Is t prime?
False
Is (1 - (-6 + 4) - -292) + -2 composite?
False
Suppose 4*o + z + 115 = 0, -4*o - 19 = -5*z + 126. Suppose 2*k + 4 = 0, -3*v - v = 2*k + 84. Let r = v - o. Is r composite?
True
Let z(x) = x + 12. Let w be z(-5). Suppose -3*g + w*g = 160. Suppose 0*k + g = 4*k. Is k a prime number?
False
Let w = -2 + 2. Suppose -y + 58 - 5 = w. Is y a prime number?
True
Suppose -2*w = 3*v + 2*v - 109, 4*w = -4*v + 212. Suppose -15 + w = l. Is l a prime number?
True
Let o(u) = -u**3 - 4*u**2 + 6*u + 8. Let s be o(-5). Let k(g) = g**2 + g - 5. Let t be k(5). Suppose t + s = 4*b. Is b a composite number?
False
Let v be (-4)/(-20) + 14/5. Suppose -v*r - 7 = -4*r. Suppose 0 = -3*f + r + 14. Is f a composite number?
False
Is 3 - 1 - (-71 + 4) composite?
True
Let l be 0/2*1/3. Suppose 0 = f - 0*f - o + 3, -4*f + o - 24 = l. Let k(y) = -y**2 - 10*y - 2. Is k(f) composite?
False
Let c be 1 - (3 + (3 - 1)). Let h(r) = r**3 + 6*r**2 - 5*r + 1. Is h(c) a prime number?
True
Let q be ((-8)/(-10))/(2/(-10)). Let b = q + 7. Suppose -b*t + 0*t + 105 = 0. Is t a composite number?
True
Suppose -289 = 3*n - 40. Is n*(0 - 2/2) a prime number?
True
Suppose 0 = 5*k + 4*t - 9*t + 15, -t = 3*k - 3. Suppose -s + 4*s - 63 = k. Is s prime?
False
Suppose -3*c + 5*s + 9 = 25, -5*c = -4*s + 5. Let j(x) = -x**2 - 6*x - 6. Let a(l) = -l**2 - 4*l - 4. Let d(v) = -8*a(v) + 5*j(v). Is d(c) a composite number?
True
Let n = 13 - 13. Is -3 - n/3 - -136 a composite number?
True
Let s = -11 + 15. Let g be 4/16 + (-873)/s. Is g/(-5)*5/2 a composite number?
False
Let q(d) = 5*d**2 + d. Let p be q(-1). Suppose 5*w - 695 = 5*s, p*s + 558 = 4*w + s. Suppose 2*i - 34 = 4*k - 222, 0 = -3*k + 4*i + w. Is k composite?
False
Suppose -21 = -4*f + t, -2*t - 1 = 1. Is 59*1 - (f + -4) prime?
False
Let l(j) = j + 9. Let q be l(-9). Suppose -h + v - 6*v = -90, -5*v = q. Is h/(-24)*(-16)/6 composite?
True
Let s be 1*(2 - 116)/(-3). Suppose 4*d + 20 = 4*q, 5*q = d - 0 + 5. Suppose q*w + 2*w = s. Is w a prime number?
True
Let d(r) be the second derivative of r**5/20 - 5*r**4/12 + 5*r**3/6 + r**2 - 2*r. Is d(4) a prime number?
False
Let c = -8 - -9. Suppose -5*v + 47 = -2*q - 0*q, -c = q. Is v a prime number?
False
Let o be (-3)/(-1) + 3 + -1. Let c be ((-10)/(-4))/(o/10). Suppose 0*j = -c*j + 465. Is j prime?
False
Suppose 0*t - 2*t = -r - 299, -4*t = 2*r - 594. Is t prime?
True
Let g = 4 - 4. Suppose -5*h + g*h = -145. Let q = h - 7. Is q a composite number?
True
Let d(t) = t - 5. Let l be d(5). Suppose -4*y - 16 = 0, -59 = -5*f + y - l*y. Is f composite?
False
Let w = 315 + -52. Is w a prime number?
True
Let m(y) = 26*y**2 - 17*y - 15. Is m(8) prime?
False
Suppose j + 4 = 3*u, 0 + 2 = -3*u + 4*j. Suppose 0 = 4*a - u*s - 354, 0 = 4*a + 5*s - 287 - 74. Is a a prime number?
True
Let j = 34 + 5. Is -3*(j/(-9) - 2) prime?
True
Let z = 10 + -9. Is -1 + (0/z - -158) composite?
False
Suppose 7 = 3*n + 2*g + 1, 0 = 5*g + 15. Suppose -16 = 3*c - n. Let k = c + 7. Is k prime?
True
Let q = 16 - 5. Suppose 2*w = l - q, -3*l + 3*w + 67 - 22 = 0. Is l a prime number?
True
Let x(o) = -o**2 + 25*o - 9. Is x(11) a composite number?
True
Let g be (-14106)/(-15) - 6/(-10). Let t = 1736 - g. Suppose 6*u - u = t. Is u prime?
False
Suppose -28 = 4*t - 76. Suppose 5*p = 3*o + 174, -5*o = -o + t. Is p a prime number?
False
Let t = 15 + -21. Let d(j) = -j**3 - 5*j**2 - 5*j + 1. Is d(t) a prime number?
True
Let g = 25 - 13. Is (-4)/g + (-152)/(-6) composite?
True
Let q = -541 - -775. Suppose -126 = -5*a + y + 260, 0 = -3*a + 3*y + q. Is a prime?
False
Let f(v) = v - 19. Let k be f(9). Suppose 0 = -3*u + 17 - 2, -3*j = -5*u - 26. Let o = k + j. Is o prime?
True
Let z = 10 + -5. Suppose -c - z*w - 10 = 0, -c + w + 23 = 3*c. Suppose 1056 - 11 = c*b. Is b composite?
True
Suppose 2*z = -n + 55, z + z - 75 = -5*n. Is z prime?
False
Suppose 0 = -5*g + 4*t + 1, -3*g - g - 4*t = -8. Let h = -8 - g. Is (-285)/h + (-4)/6 a composite number?
False
Let h = -240 + 775. Is h a composite number?
True
Suppose 5*o - 4*b - 608 = 0, -o + 2*b = -0*b - 124. Suppose -2*t = -g + 3 + o, 0 = -4*g - 3*t + 470. Is g composite?
True
Let b(r) = -21*r - 17. Is b(-16) a prime number?
False
Suppose -2*y + 4*c - 28 = 0, 6*c = 3*y + c + 38. Let h be (2 - y/(-2)) + 1. Suppose -4*o + p + 57 = h, -2*p - 15 = -5. Is o a prime number?
True
Let z = 178 - 156. Is z a prime number?
False
Let v = 791 + -310. Is v composite?
True
Suppose 4*t = -4*h + 24, -3*t = -4*h + 2*t - 12. Suppose j + h*j - 471 = -3*p, 4*p = 5*j + 646. Is p prime?
False
Suppose 2*b = -2*y + 21 - 7, -31 = -3*y - 5*b. Suppose 565 = y*j + 3*j. Is j prime?
True
Is (-1 - 1) + 5 + 1670 prime?
False
Let w = 167 + -6. Is w prime?
False
Is (-4462)/(-14) + (-2)/(-7) a prime number?
False
Is (7737*(-4)/(-24))/(2/4) composite?
False
Suppose -4*x = -7*a + 3*a - 2588, 0 = -2*x + 4*a + 1294. Is x prime?
True
Suppose 0 = -3*j + 2*j + 2. Suppose 4*t - 134 = -j*u, -u - 4*u + 370 = 3*t. Suppose o = -h + u + 81, -2*o + 2*h = -336. Is o composite?
False
Suppose 0 = -9*j + 6*j - 33. Let g = 10 - j. Is g a prime number?
False
Let q(f) = -f**3 - 4*f**2 - f. Let m be q(-2). Let y(t) be the first derivative of t**4/4 + 7*t**3/3 + 5*t**2/2 - 4*t + 12. Is y(m) a composite number?
False
Let z(t) = 7*t**3 + t. Let f be z(-1). Let w = 5 + f. Let p(q) = -11*q**3 - 2*q**2 - 2*q + 2. Is p(w) composite?
True
Let g be (-4)/14 - 1334/(-14). Let f = g + -62. Is f prime?
False
Let i be ((-362)/(-8))/(3/12). Suppose 0 = 3*g - 2*n - 0*n - 557, g + 4*n = i. Suppose -g = -2*s - 3*s. Is s prime?
True
Let v(i) = i**3 + 11*i**2 + 14*i + 6. Suppose 0 = 5*u - 3*u + 20. Let p be v(u). Let r = p - -101. Is r a prime number?
True
Let t(l) = -5*l + 19 - 4*l + 7*l. Is t(0) a composite number?
False
Suppose -9*u = -10*u + 1655. Is u a composite number?
True
Let v = -2145 - -1268. Let r = 658 - v. Is r a prime number?
False
Let o(i) = -i**3 + 10*i**2 - 2*i + 7. Let b = -9 - -9. Suppose -10 = -2*l + 4*l, b = -5*d - 2*l + 30. Is o(d) a composite number?
True
Suppose h = 4*j + 75, 19 = -j + 4*h - 11. Is ((-1191)/(-9))/((-6)/j) prime?
True
Let k(b) = 6*b**2 + 4*b - 3. Suppose v + 3 = 3*h, 5*h - 14 = -v + 23. Suppose 5*c - 2*c = -v. Is k(c) prime?
False
Let u be 60/(-5)*(-2)/4. Let w be ((-162)/3)/(u/4). Let r = w - -57. Is r composite?
True
Let h be (-4)/10 + (-501)/(-15). Let n be 9/11 + 6/h. Let x(w) = 54*w**3 + 2*w**2 - 1. Is x(n) prime?
False
Suppose -r + 1804 = 3*r. Is r a composite number?
True
Suppose 0 = r + 3*r - g - 240, 0 = -5*g - 20. Is r a composite number?
False
Let r = 19 - 1. Let i = r + -10. Is 2/(-8) + 122/i a composite number?
True
Let d = -222 + 1765. Is d a composite number?
False
Is 14 - (0 - 1)*(4 + -5) composite?
False
Suppose 5*r = r + 1528. Is r a composite number?
True
Let y = -5 - -5. Suppose y*l - l = 0. Suppose l*u = -2*u + 238. Is u a composite number?
True
Let c(z) = 48*z**3 - z**2 - 6*z + 5. Is c(2) prime?
True
Let u = 38 - -381. Suppose 1178 = 3*h + u. Is h a prime number?
False
Let